5)?
-14
What is -1 + (36 - 33) - (3 + -18)?
17
What is the value of 27 + (1 + 13 + (54 - 62) - 4)?
29
Evaluate (1 - -1) + -5 - (-13 + -21 + 16).
15
(-422 - -411) + (2 - (-1 + 3))
-11
(-33 - -3) + 13 + 6
-11
What is the value of 4 + (-2 - (3 - 30 - -6)) + 1?
24
Evaluate 45 + 0 + 0 + 169 + -182.
32
-13 + (67 - 33 - 34)
-13
Calculate (-6 - 1) + 19 + 0 + -12.
0
Calculate -3 + -6 + 28 - (2 - (-8 + 2)).
11
What is the value of 13 + (-17 - -18) + 12 - 0?
26
What is the value of 30 + 1 - ((-51 - -32) + 18)?
32
What is 7 + -4 + -16 + 16?
3
12 + -5 - 5 - (8 - 1) - -19
14
Evaluate 12 + 0 - (-14 - 65 - -67).
24
9 + -8 - (-2 + 2) - (11 + 2)
-12
What is the value of (16 - (1 + 0 + 0)) + (-3 - 0)?
12
Calculate (2 + 0 - 1) + -10 - -29 - 6.
14
What is the value of -10 + 4 - (-4 - (-8 - -11))?
1
Calculate 1 - (-18 + 3 - -5).
11
Calculate (0 - (5 - 5)) + (9 - (-3 + 9)).
3
Calculate 3 + (-17 - (-17 + 13)) + (0 - -4).
-6
What is the value of 25 + (-50 - (-8 - 21))?
4
Calculate 12 - (10 + 1 - (7 + -1)).
7
What is (7 + -11 - -8) + -1?
3
Calculate -2 + (-8 - (2 - 1 - 6)).
-5
Evaluate -6 + 5 - (3 - (5 + -1)).
0
Calculate 35 + (-57 - -41) - (15 + -3).
7
Calculate (-30 - -16) + -21 - -31.
-4
Calculate (1 - (4 + 0)) + (2 - 8 - 1).
-10
(-8 + -1 - 5) + 24
10
What is the value of 40 + (5 - (30 + -5 + -5))?
25
What is the value of 0 + -1 + 18 + -2 + -11?
4
Evaluate (0 - 1) + -2 - (-71 + 36 + 23).
9
Evaluate (8 - (-1 + 0)) + (45 - 26).
28
Calculate 13 + -11 + 4 - (-9 + -3 + 1).
17
0 - 1 - (203 + -207) - 11
-8
Calculate -62 - -44 - (2 + -10).
-10
What is the value of 23 + (14 - 31) + 1 + -1?
6
Calculate (-20 - 1 - -6) + 23.
8
What is (14 - -1) + (74 - 75)?
14
Calculate -4 + (-9 + 31 + -17 - 24).
-23
What is the value of 4 + (1 - 4) - -7 - -1?
9
What is the value of -14 - (4 + (1 - (3 - -4)))?
-12
What is -35 - -5 - (-53 + 1)?
22
Calculate (-15 - 0) + (458 - 464).
-21
What is 9 + 0 - (-11 + (71 - 33))?
-18
What is the value of (-1268 - -1274) + 12 + 2 + -4?
16
Calculate -86 + 83 + (-5 - -2 - -3) - -24.
21
Evaluate -1 + (-7 - (14 - 21)).
-1
What is 9 - (-4 + (-1 - -8)) - -2?
8
Evaluate -2 - (2 - 10) - (-44 + 52 + 8).
-10
What is 4 + 7 - (-35 - (20 + -41))?
25
(11 - (0 + -1 + 7)) + 3 + 1
9
What is the value of 4 - (-6 - (-41 - -31))?
0
What is (4 - (14 + -12)) + -14?
-12
What is the value of 1 + -22 - (-7 - -27 - 24)?
-17
-1 - -43 - 37 - -16
21
Evaluate -38 + (-4 - (6 + -23)) - -4.
-21
What is 2368 + -2288 - (0 + 42)?
38
What is the value of (-266 - -248) + (9 - (0 + 1))?
-10
Calculate 12 + -1 + (216 - 223) + 17.
21
Calculate 2 - -2 - -1 - (2 - -11).
-8
What is the value of (-18 - 0) + -237 + 240?
-15
What is 2 - (6 + -8 + (3 - -5) + -1)?
-3
Evaluate (4 - 1) + (-3 - 7) - 0 - 24.
-31
What is (46 - 23 - 36) + -15?
-28
What is (9 - 15) + 19 + -1 + -4 + -3?
5
Calculate 7 - (-10 + (-1 - -18)).
0
(8 + -1 - (3 + -29 + 25)) + -12
-4
Evaluate -5 + 3 - (3 + -2 - 5) - -7.
9
Evaluate 12 - (3 - 5 - -6 - 5).
13
What is the value of -8 - (7 + -12 - -8)?
-11
What is the value of 10 - 18 - -26 - 23?
-5
What is the value of (12 - 16) + 13 - (-5 + (38 - 4))?
-20
Calculate 257 + -237 - (18 + 0).
2
What is the value of (4 - 36) + 19 + -1?
-14
Calculate -5 + (-3 + 10 - (-11 + -8 + 12)).
9
Calculate (-1 - 24) + (-92 - -31) + 46.
-40
-5 + -8 - (-43 + 46)
-16
What is the value of 5 + (-17 + 10 - -8) + (-3 - 6)?
-3
What is -10 - 2 - (17 + (12 + -6 - 20))?
-15
Evaluate -27 + -41 + 11 + 31.
-26
What is the value of (-1 - -7) + 8 + -32 - 3 - 8?
-29
1 - (6 - 3) - (-7 + 24 - 5)
-14
What is the value of (11 - (4 - 5) - 4) + -45 + 32?
-5
What is 0 + -37 - (8 - 22)?
-23
What is the value of 8 - (-5 - (-6 + 2))?
9
Evaluate -4 - 5 - -3 - (-1 - 21).
16
Calculate -78 - -81 - (1 - -2).
0
Calculate (-1 - -7) + 1 - (34 - 21).
-6
11 - (16 + (-25 - -28))
-8
(-17 - -18) + (-4 - (0 - 0))
-3
Calculate (-2 - -10) + (90 - 81).
17
-12 + (43 - (4 - (-9 + 6 + 3)))
27
What is 8 - (-5 + 22) - (2 - -1)?
-12
What is (10 + (-10 - 3) + 10 - -2) + 2?
11
Evaluate 5 + (2 - -1 - 1) - (-79 - -75).
11
What is the value of 13 + -18 + 4 - 11?
-12
(-2 - ((-1 - -6) + -11)) + -17
-13
What is the value of (1 - 3) + -71 + 76?
3
Calculate -28 + 3 - -23 - -21.
19
What is the value of -9 + -1 - (-17 + 3) - 3?
1
Evaluate -30 + 19 - (10 + 2 - 10).
-13
Evaluate -9 - (13 + (-10 - 13) + 20).
-19
What is -7 + 23 + (-15 - -13)?
14
Evaluate 3 + 1 - -38 - -4 - 14.
32
Calculate -1 + -3 - (-86 - -81).
1
Evaluate -5 - ((0 - 10) + 11 + -12 + 11).
-5
8 + -21 + -8 - -40
19
Calculate (40 - 3 - (2 + 9) - 11) + 10.
25
Evaluate -69 + -2 + 33 - -43.
5
What is the value of 14 + 2 + -6 - (2 + 2 + -5)?
11
What is (93 - 94) + (1 - 39) + 8 + 0?
-31
(-22 - -17) + 8 + -2 + 9 - -5
15
11 - 50 - -27 - (1 + -33)
20
What is the value of -968 + 932 + (1 - -47)?
12
1 - 3 - (-60 - -68)
-10
What is the value of -5 + -7 - -16 - 7?
-3
-4 + 1 + (-8 - (-2 - 1)) + -9
-17
What is 36 + (-20 - (6 - (3 + 17)))?
30
What is (0 - 7 - (5 - -4)) + 5?
-11
23 + -12 + -13 + (0 - -8)
6
Evaluate (6 - -10) + -1 + -12.
3
What is the value of 1 - -2 - (162 - 175)?
16
What is the value of 7 + -23 + 32 + 8 + -1?
23
Calculate 53 + 15 + -30 + -17 + 3.
24
What is the value of 4 + (1 - -10) + (-66 - -39 - 23)?
-35
What is the value of -17 + 45 + -1 + -14?
13
What is -2 + 4 + 2 + -8 + 6 + -3?
-1
Calculate (-20 - -3) + (6 - 17).
-28
What is -4 + 0 + -6 + 5 + -7?
-12
(-1 - (2 - -2)) + 8 + -4 + 7
6
What is the value of -5 - -3 - -4 - (-13 + 3)?
12
Evaluate 9 + -1 + (42 - 53) + 18 + -2.
13
Evaluate 8 + 0 + 66 + -39 + -65.
-30
-5 - (-26 - -5 - -5) - 7 - 0
4
What is the value of (-2 - -14) + 1407 + -1426?
-7
What is (0 - -8) + (197 - 194)?
11
Calculate 4 + 1 + -84 + 89.
10
-17 + (20 - 10) + 3
-4
-18 + 2 + 19 - 17
-14
What is (-4 - -10) + 0 - -6 - -12?
24
Evaluate 10 + (-2 - (4 - 4)).
8
-6 + (-18 - (0 + -3))
-21
What is -9 + (3 + 3 - (-11 - -13) - 1)?
-6
What is (-4 + 1 - (-11 - -2)) + 8?
14
17 + 9 + -9 + -19
-2
What is the value of 8 + -1 + 13 + -19 + 39 + -21?
19
What is the value of 40 - (19 - (31 - 27))?
25
What is 8 + (-1 - (27 - 9)) + -3?
-14
What is the value of 2 - 30 - (13 - 66)?
25
What is 19 - (-14 - -9 - (2 - 5))?
21
Calculate 23 + (-12 - 3) + 6 + -9.
5
Evaluate -18 + 25 + -6 + -2 + -13.
-14
2 - ((-50 - -46) + (-1 - 0))
7
Calculate -7 + 11 + -17 + 5 + 1.
-7
Evaluate 18 + -5 + -3 + -9.
1
Calculate -60 - -58 - (-2 - -4) - -19.
15
What is 10 + (-8 - -3) + 5 + -25?
-15
What is the value of 10 + 11 + -21 + -5 + 10?
5
Calculate 1 - (-4 - (-38 + 3)).
-30
Evaluate 11 + -6 + 10 - 20.
-5
(16 - 1) + (-83 + 53 - -38)
23
Calculate (-28 - -48 - 44) + 12.
-12
(1 - 0 - 25) + (-16 - -7) + 17
-16
What is -2 + 4 + (-14 + 6 - -8)?
2
What is (-17 - -14) + -3 + 0 + 3?
-3
Calculate 2 + (-5 + -30 + 3 - -10).
-20
(-1 - (-22 - -4)) + -4
13
Evaluate -154 - -146 - (-3 - -3 - (2 - 0)).
-6
What is the value of 10 + -34 + -1 + 23?
-2
Calculate -6 + (-6 + (9 - 4) - 3).
-10
((10 - 5) + -9 - 7 - -4) + -3
-10
(3 - 2) + 7 - (-2 - -5)
5
Evaluate -4 + -2 + (2 + -30 - -18).
-16
(-3 - -13) + 13 - 19
4
What is the value of 5 + -1 + (-9 - (-10 - (3 - 5)))?
3
Evaluate 5 + 41 + -11 - 27.
8
What is (-1 - 5) + (9 - (3 + (3 - 14)))?
11
What is (1 + 3 - 4 - 21) + 7?
-14
Calculate (45 - 35) + (3 - (0 + 0)).
13
What is (-2 + 0 - -3) + (553 - 537)?
17
What is (52 - 33) + -24 - (-3 - 0 - 0)?
-2
Evaluate -4 + (-3 - -3) + 10 + -15 + 11.
2
What is the value of -6 + 26 + -1 + -3 - (73 + -73)?
16
What is (-8 - -6) + (0 - -11)?
9
(-2 - 22 - -10) + 27
13
Evaluate 0 - 1 - (25 - 47).
21
What is (-8 - 2) + (29 - (4 - (1 + 15)))?
31
Evaluate (-12 - 0) + -1255 + 1252.
-15
Calculate -13 + (-10 - -18) + 3.
-2
Calculate -3 - (11 - -2 - (-7 - 0 - 3)).
-26
Evaluate (2 + -27 - 10) + 18.
-17
What is (-16 + (-11 - -22) - -16) + -45?
-34
(-26 - 6) + 18 - -38
24
What is the value of 0 + -2 + (4 - -9 - (11 - 6))?
6
-97 - -135 - (2 - -43)
-7
What is -17 + 25 - (1 + -1)?
8
Calculate -1 + 9 - (-93 + 111) - (6 + 1).
-17
((3 - 2) + 2 - 3) + 35 + -33
2
Evaluate 26 - (-1 - -8) - 36.
-17
What is the value of 11 + -22 - -7 - (2 + 1 + -2)?
-5
Calculate -2 + -8 + -5 + (30 - 22).
-7
What is the value of 6 + ((-3 - 0) + 0 - (15 - 6))?
-6
What is the value of (18 - 0) + (-47 - (-20 - 19)) + 3?
13
-11 - (-13 - (9 - (-10 + 24)) - -7)
-10
Evaluate 23 - (-24 + 37) - -3.
13
What is (16 - (-54 - -7